a(6). Suppose 0 = -4*q - 24 + m, -5*i - 4*q = -113. Calculate the remainder when 90 is divided by i.
15
Suppose 3*j - 2*w = 12, 5*j + 5*w + 9 = 2*j. Suppose j*h - 4*x - 40 = 0, 4*h + 2*x - 23 = 47. What is the remainder when 197 is divided by h?
17
Let r = -121 - -375. Suppose 47 = 7*f - r. Calculate the remainder when f is divided by 16.
11
Let z be (-31 - -36) + (1937 - 1). What is the remainder when 23/92 + z/12 is divided by 33?
30
Let h(l) = 3*l**3 - 156*l**2 - 157*l - 31. Calculate the remainder when 93 is divided by h(53).
18
What is the remainder when (639/(-15))/(27/(-45)) is divided by ((-10)/(-3))/(4/30)?
21
Let p = -177 + 289. Suppose -36*n = -1058 - 634. Suppose -p = 43*f - n*f. What is the remainder when f is divided by 8?
4
Suppose 6*b - b + 25 = 0. Let g(f) = -7*f - 6. Let h = -2579 - -2589. Calculate the remainder when g(b) is divided by h.
9
Suppose -4*c + 12*t - 7*t + 780 = 0, 3*c - 3*t = 585. What is the remainder when c is divided by 14?
13
Suppose 0 = 10*w + 10*w + 5180. Let s = w + 266. Let m(h) = h + 5. What is the remainder when s is divided by m(0)?
2
Suppose -7*n = -6*n - k - 5, -2*k = -3*n + 12. Suppose 3*g + n*c - 129 = 0, -3*g + 129 = -0*g - 3*c. Calculate the remainder when 85 is divided by g.
42
Suppose -2*k - 18 = -n, -n - 4*k + 11 + 37 = 0. Suppose -n = -s - 2*m, -34 = -3*s + 3*m + 32. Calculate the remainder when 453 is divided by s.
21
Suppose 0 = -4*o - c + 176, -2*o - c - 2 = -92. Let f be (-225)/(-180)*(1 - -3). Suppose f*w - o = 62. Calculate the remainder when 81 is divided by w.
18
Suppose 10*v - 60 = 8*v. Let q = 7 + -7. Suppose 5*r - 3*j + q = 66, 0 = 4*r + j - 46. What is the remainder when v is divided by r?
6
Suppose -38*r = -830 - 556 + 322. What is the remainder when 307 is divided by r?
27
Suppose -3*u = b - 3 - 4, 2*u - 12 = 3*b. What is the remainder when 15 - (u/4)/((-15)/60) is divided by 7?
4
Let o(u) = -3*u**2 - 55*u + 176. Let f be o(3). Let d(t) = -t - 3*t - t - 71. Calculate the remainder when 9 is divided by d(f).
0
Let l = -7802 - -7890. What is the remainder when 6598 is divided by l?
86
Suppose 26*t = 33*t. What is the remainder when 425 is divided by ((-426)/(-9) - t)*(-45)/(-30)?
70
Suppose 0*y + 2*y + 16 = 2*h, 4*y - 8 = 0. Suppose 2*j = -h, 0*k + 3*j - 27 = -3*k. Calculate the remainder when k is divided by 3.
2
Suppose -o + 5*o - p = 142, 4*p + 64 = 2*o. Suppose 5*t - 32 = t. Calculate the remainder when o is divided by 11 - (-7)/(28/t).
10
Suppose -222 = -2*u + 5*c, -305*u + 304*u + c + 108 = 0. Calculate the remainder when 12823 is divided by u.
103
Suppose 637*j - 636*j = 100. Calculate the remainder when 134 is divided by (120/j)/((-6)/(-220)).
2
Let h = 27 + -183. Let u = -137 - h. What is the remainder when 244 is divided by u?
16
Let m = -9961 + 10976. What is the remainder when m is divided by 500?
15
Let o = -3370 - -3401. Calculate the remainder when o is divided by 11.
9
Suppose -1 = 4*z - 4*k - 5, 3*z - 1 = 5*k. Let c be (z + 1)*(-2)/(-3). What is the remainder when 340/50 + c/10 is divided by 4?
3
Let i = -18 + 60. Suppose -8 = -w - 7*w. Suppose 5*u = p + w, -11*u + 10 = -9*u. Calculate the remainder when i is divided by p.
18
Suppose -13 = -21*b + 8. Let c(g) = 44*g + 3. Suppose -x = -5*x + 40. Calculate the remainder when c(b) is divided by x.
7
Let v = 5047 - 4516. What is the remainder when v is divided by 99?
36
Let w = -18242 + 18266. Let p = -62 + 171. What is the remainder when p is divided by w?
13
Let n = 43 - 49. Let s be ((-12)/(-8))/(n/32). Let y(b) = -b**2 - 16*b - 15. What is the remainder when y(s) is divided by 25?
24
Let d(c) = c**3 - 17*c**2 - 53*c - 130. What is the remainder when 140 is divided by d(20)?
0
Suppose 37 = -2*l + 3*c + 122, 2*c = 3*l - 130. Calculate the remainder when 258 is divided by l.
38
Let y = -1615 + 2272. Calculate the remainder when y is divided by 7.
6
Suppose 0 = -4*r + 6 + 6. Suppose -r*s - 5*a + 206 = 0, -s + 61 = -a - 13. What is the remainder when s is divided by -2 + 27*(1 - (2 + -2))?
22
Let x(a) = -3*a + 7*a + 2*a**3 + 5*a**3 - 3 + 1 - 4*a**2. Suppose 0 = -p + 54 - 42. What is the remainder when x(2) is divided by p?
10
Let i = -19539 + 19713. What is the remainder when 1217 is divided by i?
173
Suppose -5*m = 3*d + 177, 3*d - 137 = 5*d - 3*m. Let h be 14/(-4)*d/4. Let p = h + -3. What is the remainder when p is divided by 14?
11
Let y(b) = 6*b**2 - 8*b - 6. Let j(t) = t**3 - 15*t**2 - t + 18. Let k be j(15). What is the remainder when y(-5) is divided by -1 + (-9)/k + (35 - 0)?
29
Suppose 39*d - 8386 = 1325. Let a = d + -144. Calculate the remainder when a is divided by 37.
31
Let d be (-182)/(-15) - 6/45. Let g(l) = 2 + d*l**3 + 18*l**3 - 34*l**3 + 4*l + 2*l + 4*l**2. Calculate the remainder when g(-2) is divided by 11.
5
Suppose -5*k - 4*b + 2680 = 0, -122*k - 5*b = -121*k - 515. Calculate the remainder when k is divided by 42.
36
Suppose -3*j - 323*h = -322*h - 52, 3*h + 53 = 2*j. Let x = 269 + -140. Let m = x + -76. What is the remainder when m is divided by j?
15
Suppose 0 = 4*o + 3*d - 122, 2*o - 5*d - 106 = -o. Let l = o + -31. Let x(q) = -q**3 - 3*q**2 - q - 1. What is the remainder when x(-3) is divided by l?
0
Let f(p) = -22*p - 38. Let c be f(-3). Suppose 4*a - c = -19*l + 15*l, 4*a - 2*l = 34. What is the remainder when 51 is divided by a?
3
Suppose 0*v + 14*v + 186 = 872. What is the remainder when 135 is divided by v?
37
Let v(m) = -4*m**3 + 6*m**2 + 10*m. Let w = -611 - -609. What is the remainder when 80 is divided by v(w)?
8
Suppose 0 = a + 4 - 11 + 1. What is the remainder when 2247 is divided by a?
3
Let a = 277 - 232. What is the remainder when a/30*(-1)/3*-86 is divided by 21?
1
Let k = -642 + 966. Suppose k = 15*v - 3*v. Calculate the remainder when 131 is divided by v.
23
Let f(v) = 11*v - 85. Let g be f(8). Suppose 3*y - 3*b + 502 = 1351, 5*b + 841 = g*y. What is the remainder when y is divided by 32?
31
Suppose -6*z = -60 - 78. Suppose -7*v + 8*v = 13. What is the remainder when z is divided by v?
10
Let f(o) = 3*o - 12. Let g be f(8). Let k(a) = a**3 - 12*a**2 + a - 6. Let j be k(g). Suppose w = -j*w + 357. Calculate the remainder when w is divided by 11.
7
Let o be (0/2)/((-1)/((-6)/12)). Suppose o*y - 12*y = -780. Calculate the remainder when y is divided by 17.
14
Let u(w) = 2*w**2 - 68*w + 539. What is the remainder when 354 is divided by u(12)?
2
Suppose -a - 40 = -67. Calculate the remainder when (22 - -2)/((-1)/(-20)*6) is divided by a.
26
Suppose -20*s = 63*s - 140270. What is the remainder when s is divided by 94?
92
Suppose 9*p + 3*i = 489, 5*p - 45*i - 281 = -42*i. What is the remainder when 2033 is divided by p?
53
What is the remainder when 9 - (-6)/(-3) - (-181 - -22) is divided by 13?
10
Let m(o) = -358*o - 5032. What is the remainder when m(-15) is divided by 41?
10
Suppose -a = -2*q - 16, -3*q + 12 = -5*a + 8*a. Calculate the remainder when 745 is divided by a.
1
Suppose 36*n - 30*n = 0. Suppose 29 = g - 4*y + y, n = g - 5*y - 39. What is the remainder when 24 is divided by g?
10
Suppose 0 = -2*f + 550 + 208. Suppose 13*m = -67 + f. Let o(q) = -9*q - 2. What is the remainder when o(-5) is divided by m?
19
Let z be 3/(6/(-8)) - (-43 - -39). Suppose z = 5*y + o - 199, -o = -3*y - 4*o + 117. What is the remainder when 76 is divided by y?
36
Suppose -9*b - 328 = -1190 - 4664. What is the remainder when 1862 is divided by b?
20
Let u(n) = -4*n**2 - 10*n + 5. Let w be u(-3). Let z(m) = -341*m**3 - 5*m**2 + m + 5. Calculate the remainder when z(w) is divided by 11.
10
Suppose -1587*h = -1599*h + 1704. Calculate the remainder when 409 is divided by h.
125
Let t(b) = b + 2. Let l be t(-3). Let v(x) = x - 13. Let c(d) = 32*d**2 - 7*d + 77. Let y(o) = c(o) + 6*v(o). What is the remainder when 125 is divided by y(l)?
29
Suppose 8 = 4*r, -2*r - 522 = 4*j - r. Let u = j + 164. What is the remainder when 62 is divided by u?
29
Let i(z) = -2*z**3 - 8*z**2 + 22*z + 62. Calculate the remainder when 762 is divided by i(-2).
0
Let u = 11324 - 11308. Calculate the remainder when 31 is divided by u.
15
Let r(w) = -w**3 - 15*w**2 - 14*w - 160. What is the remainder when 330 is divided by r(-15)?
30
Suppose 33*z - 1876 = 2810. What is the remainder when 274 is divided by z?
132
Let v(x) 